te q(1).
-10
Let i(g) = -g - 5. Let b = 17 - 12. Suppose 4*r = -5*d + 1334, -2*r + b*d + 257 = -425. Let h be (4/6)/((-32)/r). Calculate i(h).
2
Let l(j) = -14*j - 16. Let m(q) = -3*q - 3. Let t(z) = -2*l(z) + 11*m(z). What is t(-5)?
24
Let k(g) be the third derivative of -g**4/4 + 35*g**2. Let o(c) = -c**3 - c**2 + 6*c - 1. Let x be o(-3). What is k(x)?
6
Suppose 3*a - 22 = -2*o + 9, 5*o - 81 = -4*a. Let d(h) = 10*h + 11 + 9 - o. What is d(-2)?
-17
Let f(j) be the second derivative of j**8/6720 + j**7/840 - j**6/360 + j**5/40 - 5*j**4/6 + j. Let m(s) be the third derivative of f(s). Determine m(-4).
-5
Suppose 4*l - 7*x + 8*x = 4, 0 = -5*l - 4*x - 6. Let n(y) = 16*y + l + y**2 - 32*y + 12*y. Determine n(5).
7
Let t = 1 + -4. Let h be (3 - (3 - -1))/1. Let k be -3*(h - (1 + t)). Let d(y) = -y - 3. Calculate d(k).
0
Let z(h) = -3*h - 2. Let l(m) = 2*m**2 + 4*m - 1. Let d be l(-3). Suppose -5*y - 2*r = 19, 0*y - 3*r = -d*y - 9. What is z(y)?
7
Let x be -2*(-6)/4 - -3. Let v(f) = 1 - 2*f + f + x. Let i(k) = -k**2 + 4*k + 2. Let u be i(3). Calculate v(u).
2
Let i(v) = v**3 - 3*v**2 - 2*v - 4. Let n(q) = -3*q**3 + 9*q**2 + 5*q + 11. Let u = 36 - 44. Let m(d) = u*i(d) - 3*n(d). Calculate m(3).
2
Let p be -7 - (0 - (1 + 11)). Let t(m) = m**2 + 3*m + 5. Give t(p).
45
Let i be ((-1)/((-1)/(-4)))/(-1). Let f(g) = 0*g - 5 + 8*g + 2*g**2 - 9*g. Let k(q) = q**2 + q. Let y(t) = -f(t) + k(t). Determine y(i).
-3
Suppose 5*x - j + 56 = -3*j, -x = -4*j - 2. Let l(k) = k**3 + 11*k**2 + 10*k + 4. Let a be l(x). Let t(g) = g**3 - 5*g**2 + 3*g. Calculate t(a).
-4
Let t(o) = o**3 + 2*o**2 - 14. Let j = 1639 + -1639. Calculate t(j).
-14
Let b(v) = 81*v**2 - v. Let y be b(1). Let u be -4*-4*(-5)/y. Let g(h) = -4*h - 1. Calculate g(u).
3
Suppose 5*p + 5 = 30. Let k(d) = -11 - 4*d + 9 + p*d. Calculate k(4).
2
Let z = 43/56 - 9/14. Let y(v) be the third derivative of -4*v**2 + 0*v + z*v**4 + 0 + 1/6*v**3. Give y(-1).
-2
Let i(y) = -2*y**2 + 24*y + 20. Let x(r) = -r**3 + 9*r**2 + 38*r - 11. Let u be x(12). Give i(u).
-6
Suppose -1 = 4*s + 3*b, -3 = s - 4*s - b. Let n(u) = 101*u - 100*u - u**s + 0*u**2 + 2. Determine n(-4).
-18
Let k(h) be the third derivative of h**5/60 - h**4/24 - h**3/3 - 41*h**2 + 2*h. Let l be (-2)/((-17)/15 - -1). Suppose -d - 4*d - l = 0. What is k(d)?
10
Suppose -7 = 2*a - 9. Let m(q) = 2*q - 2*q + 2*q - 6*q. Determine m(a).
-4
Let w(z) be the third derivative of z**5/60 + z**4/3 + 5*z**3/6 - 4*z**2 - 16*z. Let d(f) = -f - 10. Let o be d(-5). Give w(o).
-10
Let r(w) = -w**2 + 6*w - 6. Let n be r(6). Let m(l) = 3*l**2 + 3*l + 2. Let f(i) = 0*i**2 + 1 + i**2 - i - i + i. Let d(k) = -2*f(k) + m(k). Calculate d(n).
6
Let f(i) be the third derivative of i**5/60 + i**4/4 + 2*i**3/3 + 5*i**2 + 1. Calculate f(-8).
20
Let q(a) = -2*a + 9. Let x(b) be the second derivative of b**4/12 + 17*b**3/6 + b**2 + 4*b. Let y be x(-17). Suppose -4*k + 14 = -y*k. Calculate q(k).
-5
Suppose 0 = 3*z - 13 + 1. Let j(d) = 3*d - 2 + 2*d + z - 1. Give j(-1).
-4
Let f(k) be the third derivative of -k**6/120 - k**5/12 - k**4/6 - k**3 - 221*k**2. Determine f(-4).
-6
Suppose -3*a = -4 - 17. Suppose 2*d - a*d = 35. Let z(b) = b**2 + 7*b + 7. What is z(d)?
7
Let a = 78 + -73. Suppose -2*r - 12 = -a*r - 3*j, -3*r = -j - 24. Let p(i) = -i + 1. What is p(r)?
-6
Suppose 5*v - 94 = 171. Let c(l) = -113*l - 12 + 59*l + v*l. Give c(-13).
1
Let u(h) = 4689*h**2 + 6*h - 4688*h**2 + 2 + 4. Determine u(-7).
13
Suppose -3*w + 105 = 2*w. Let y(z) = -z**2 + 20*z + 22. Let n be y(w). Let b(h) = h - 2. What is b(n)?
-1
Let m be 2/6 + 20/(-6). Let i(c) = 5*c**2 + 23*c - 3. Let b(z) = -2*z**2 - 11*z + 2. Let n(j) = m*i(j) - 7*b(j). Suppose -2*x - 19 = -31. Give n(x).
7
Let j = 3 - -8. Suppose -71*b = -65*b - 90. Let t(q) = -j + 0*q + b - 2*q. What is t(-4)?
12
Let r = 1 + 14. Let c be 1/2 + r/10. Let y(k) = -3 + 2 + c + 6 + k. Give y(-6).
1
Let q(z) = -2*z**2 + 41*z - 26. Let d be q(20). Let f(h) = -2*h**2 - 14*h - 21. What is f(d)?
-9
Let z(l) = l**3 - 8*l**2 - 7*l - 16. Suppose 5*j = -3*f + 27 + 15, 0 = f - 5*j + 6. Let v be z(f). Let a(i) = -5*i**2 + 2*i + 2. Determine a(v).
-14
Let q(n) = 3*n**3 - 8*n**2 - 2*n + 4. Let u(d) = 7*d**3 - 17*d**2 - 3*d + 8. Let a(k) = -5*q(k) + 2*u(k). Determine a(6).
20
Let d(w) = w**3 - 7*w**2 - 6*w - 7. Let a(z) = -z**3 - z - 1. Let b(r) = 2*a(r) + d(r). Suppose -5*c - 5*c = -20. Suppose -c*j - 3*j = 30. Determine b(j).
3
Suppose 4*c = 3*h + 5*c + 15, 3*h - 2*c + 24 = 0. Let t be (2/3)/(h/(-27)). Let q(a) be the second derivative of -a**3/6 - 3*a**2/2 + 75*a. Determine q(t).
-6
Let d(x) = x**3 + 7*x**2 + 8*x - 7. Let m be d(-5). Let r(a) = -3*a - a**2 - a**2 + 2 + 967*a**m - 965*a**3. Let y be (-4)/(-3) + (-4)/(-6). What is r(y)?
4
Let p(f) = -3*f**2 + 14*f + 2. Let a(o) = o**2 - 3*o + 2. Let x(y) = -2*a(y) - p(y). Determine x(10).
14
Let x(w) = 9*w**2 + 5*w + 13. Let m(j) = 5*j**2 + 2*j + 7. Let k(s) = 7*m(s) - 4*x(s). Determine k(-4).
5
Let r(p) = 2*p + 2*p - 7 - 7*p. Let o = -35 - -41. Let q be 1 - (o - (4 - 5)). Determine r(q).
11
Let v(j) = 4*j. Let s(y) = -3*y. Let c(k) = -7*s(k) - 5*v(k). Let g(t) = -4*t - 22. Let i be g(-9). Suppose 2*m + i = -0*m. Give c(m).
-7
Let h(y) = 2*y**3 + 13*y**2 - 41. Let r(f) = -f**3 - 6*f**2 + 18. Let p(s) = 3*h(s) + 7*r(s). Give p(-4).
19
Suppose -28*a + 26*a + 5 = 3*m, -2*m = 2*a. Let r(s) be the third derivative of 2/3*s**3 - 1/12*s**m + 1/120*s**6 + 0*s - 1/24*s**4 + 7*s**2 + 0. Give r(5).
-1
Let v(n) be the third derivative of -n**4/24 + n**3 - 134*n**2. Determine v(8).
-2
Let q = -81 - -84. Let f be 80/15 + -5 - 1/q. Let o(v) = -v**3 + 9. Calculate o(f).
9
Let y(z) = 2. Let a(r) = -r - 4. Let m(b) = -a(b) - y(b). Calculate m(5).
7
Let s(h) = -h**3 + 2*h**2 - 1. Let n be 12/(-15)*15/(-2). Suppose n*x - 4 = 2*x. Give s(x).
0
Let g(z) = -3 + 18*z**2 - 33*z**2 + 5*z + 16*z**2. Determine g(-6).
3
Suppose j + 9 - 12 = 0. Let o(i) be the second derivative of 2*i**2 - 2/3*i**3 - 2*i + 1/20*i**5 + 0 - 1/4*i**4. Calculate o(j).
-8
Suppose 4*k - 12 = -0*k. Suppose -2*c = -1 - k. Let y(t) = 1 + 2*t**c - 2*t + t + 3*t. Determine y(-2).
5
Let a(j) = -j**2 + 2*j + 3. Suppose -8*k + 10*k + 106 = 0. Let x = -55 - k. Calculate a(x).
-5
Let y be 0/(6 - -1 - 5). Let b(f) = -f**2 - 7. Give b(y).
-7
Let d(s) = s + 9. Let t be d(-6). Let p(y) be the third derivative of y**5/60 + y**3/6 + 7*y**2 + 4. Give p(t).
10
Let s(l) = l**3 - 3*l**2 + 2. Let g be s(2). Suppose -5 = 3*t - 5*d + 4, 2*t + 8 = 4*d. Let v(z) = 45*z**2 + z - 50*z**t - 4*z. Determine v(g).
-14
Suppose 4*s - 9 = 11. Suppose s*d - 1 = 3*g, 0 = -4*d + 4*g - 4. Let h(j) = 5*j + j**d - 2 - 3 + 1 - 4. Determine h(-7).
6
Let i(q) be the second derivative of -1/12*q**4 - 5/6*q**3 + 17*q - 1/2*q**2 + 0. What is i(-4)?
3
Let i(m) = m + 6. Let o be (-87)/(-174) + (-9)/2. Calculate i(o).
2
Let o = 58 + -55. Let i(y) = -6*y**2 - 1 - 5*y**3 + 0 - 8*y**3 + 12*y**o + 4*y. Calculate i(-7).
20
Let y(m) = -m**2 - 2*m - 12. Let q(j) = -j**2 + j - 1. Let n(z) = -2*q(z) + y(z). Calculate n(5).
-5
Let d be (-2*(5 - 2))/(12/(-72)). Suppose 3*y - d = -3*t, 3 + 7 = 2*y. Let b(r) = -r + 5. Calculate b(t).
-2
Let p(f) = f**2 + 5*f + 10. Suppose -11*z + 5*z = 24. Give p(z).
6
Let b(m) be the first derivative of 0*m**3 - 4*m**2 + 0*m - 1/24*m**4 - 11 + 1/60*m**5. Let t(s) be the second derivative of b(s). Calculate t(3).
6
Let f(u) be the second derivative of -1/12*u**4 - 3*u + 0 - 1/2*u**2 + 0*u**3. Determine f(2).
-5
Let u = 745 + -752. Let l(p) = p**3 + 8*p**2 + 7*p + 2. Calculate l(u).
2
Let i(g) be the second derivative of 7*g**3/3 + g**2/2 - 80*g. Give i(-1).
-13
Let v(r) = -4*r + 3*r + 5*r - 8*r + r. Calculate v(4).
-12
Let l(d) = 3*d**2 + 5*d + 7. Let z(o) = -13*o**2 - 19*o - 29. Let y(p) = 9*l(p) + 2*z(p). What is y(-7)?
5
Suppose 4*l = -2*y - 6, y + 2*l - l = 0. Suppose 0*m = y*m + 12. Let d(r) = -3*r**2 + 0*r + 6*r + 9*r**2 + r**3. Give d(m).
8
Let z(y) = -6*y - 35 + 32*y - 16*y - 12*y + 36. Suppose 0*d = 3*d + m - 20, -2*m = 5*d - 35. Give z(d).
-9
Suppose 0 = -p - 9*p + 40. Let t(b) = 0 - 2*b**3 + 4*b**3 - 3*b**3 + p - 8*b**2. Calculate t(-8).
4
Let o(d) be the third derivative of -d**4/24 + 7*d**3/6 - 13*d**2. Let u = -204 - -209. Give o(u).
2
Let z(b) = b**3 - 8*b**2 + 11*b + 10. Suppose